t) = -t**3 - 3*t**2 - t - 1. Let z be v(-4). Let o = z + -12. Let x be (16/(-6))/(4/(-42)). Calculate the highest common divisor of o and x.
7
Suppose 3*x - 317 = -2*x - a, -5*a - 143 = -2*x. Let z = x + -16. What is the highest common divisor of z and 6?
6
Let j = -32 + 60. Let g = 3 - -11. Calculate the greatest common divisor of g and j.
14
Suppose -2*t - 118 = -3*j, -2*t + 59 = 3*j - 63. Suppose 2*w - 50 = -3*w. Calculate the highest common divisor of j and w.
10
Suppose 2*v - 65 = c, -v + 2*v + 3*c - 15 = 0. Calculate the highest common divisor of v and 90.
30
Let x = 23 - 4. Suppose 0 = 4*m - 2*m - b - x, 1 = -2*m - 3*b. Let n = -9 - -16. What is the greatest common factor of n and m?
7
Let s be -2 - (0 + 3 + -4). Let a(i) be the third derivative of -31*i**6/120 + i**5/60 + i**2. Let d be a(s). Calculate the highest common divisor of 8 and d.
8
Let r(z) = 28*z**2 + 3*z + 3. Let m be r(-1). What is the highest common divisor of 7 and m?
7
Let d(o) = 9*o + 21. Let g be d(3). What is the highest common divisor of g and 12?
12
Let q = -123 - -188. What is the highest common divisor of 39 and q?
13
Suppose -245 = j + 95. Let g = j + 483. What is the highest common divisor of 13 and g?
13
Let x = 4 - 4. Suppose -5*c + 2*v + 10 = x, 2*c + 0*v - 3 = v. Let o = c - -3. What is the highest common divisor of o and 56?
7
Suppose -541 = -3*s + 4*l, -2*s + 4*s + 5*l - 330 = 0. What is the greatest common factor of s and 7?
7
Let v be ((-22)/(-3))/(1 - (-28)/(-36)). What is the greatest common divisor of v and 11?
11
Suppose 0 = -4*q - 0*q + 5*b + 39, -5*b = 5*q - 105. What is the greatest common divisor of q and 64?
16
Let c(s) = -s**3 - 14*s**2 - 13*s. Let h be c(-13). Suppose h = -6*k + 3*k + 99. Calculate the greatest common factor of 11 and k.
11
Suppose 0 = -6*i + 11*i - 660. Let c be (-9 + 1)*(-15)/10. What is the greatest common divisor of c and i?
12
Let g be (0 - 16/5)/((-4)/10). Calculate the highest common factor of 64 and g.
8
Suppose 27 = 3*o - 5*k + k, -o - 5*k = 10. Suppose -14 = o*s - 49. Suppose -9 = -3*b + 33. Calculate the greatest common divisor of b and s.
7
Let i = -1355 + 2115. Suppose 3*n - i = 8*n. Let g be 6/33 - n/11. Calculate the highest common factor of g and 28.
14
Suppose -8*b + 247 = -545. Calculate the highest common factor of b and 66.
33
Let p(s) = -s + 1. Let c be p(-1). Let b = 7 - -73. Suppose 4*w + 4*a - b = 0, w = -a + 2*a + 12. What is the greatest common divisor of c and w?
2
Let z be 75/10 - 1/2. Suppose -3*q - 1 = -z. Suppose 0*o - o - 4*f = -77, q*o + 4*f - 154 = 0. Calculate the highest common divisor of o and 7.
7
Let d = -20 - -44. What is the highest common factor of 8 and d?
8
Let f be (10 + 4)*(-3)/(-2). Calculate the highest common factor of 168 and f.
21
Let v(s) be the third derivative of s**5/30 + 7*s**4/24 + 2*s**3/3 - 4*s**2. Let b be v(-5). Calculate the greatest common divisor of 76 and b.
19
Let x(w) be the third derivative of 13*w**5/60 + 5*w**4/24 + w**3/6 - w**2. Let y be x(-4). Calculate the greatest common factor of y and 21.
21
Let d be (3 - 5 - -10)/(-2). Let g = 0 - d. What is the greatest common factor of g and 28?
4
Let p be 25 + 3 + -1 + 2. Let k = p - 18. Let r(c) = -c**3 + 6*c**2 - 3*c + 1. Let t be r(2). What is the greatest common factor of k and t?
11
Let x(r) = 121*r**2 - r - 1. Let j be x(-1). Let p(d) = 3*d**3 + 10*d**2 - d - 1. Let u be p(-3). Calculate the greatest common factor of u and j.
11
Suppose -5*l - 4*g = -338, l - 3*l = g - 137. Let y = 22 + -15. Suppose -y = r - 2*r. What is the highest common factor of r and l?
7
Suppose -3 + 6 = -3*k. Let a = k + 5. Suppose 4*m - 184 = -a*x, -x + 4*m = 19 - 45. Calculate the highest common factor of 14 and x.
14
Let g = -13 - -7. Let r(t) = 4*t - 8. Let k(l) = -l. Let x(h) = -3*k(h) - r(h). Let d be x(g). What is the greatest common factor of d and 2?
2
Suppose 0 = -4*p - 0*p + 152. What is the highest common divisor of p and 95?
19
Let b(t) = t**3 + t**2 + t - 1. Let s be b(1). Suppose -s*m - 5 = 1. Let w be (-35)/(-3) + (-1)/m. What is the greatest common divisor of w and 8?
4
Suppose s - 11*s = -400. Calculate the highest common factor of 16 and s.
8
Let t = -20 - -36. Calculate the highest common factor of 176 and t.
16
Let u(j) be the third derivative of -1/3*j**4 + 2/3*j**3 + 0 + 2*j**2 + 0*j. Let r be u(-3). Calculate the greatest common factor of 4 and r.
4
Let b(l) = -l + 22. Let k be b(-4). Calculate the highest common divisor of 104 and k.
26
Let o be 98 + -10 + -1 + 1. Suppose u - o = 7. What is the greatest common factor of u and 19?
19
Let d(t) = -6 - 5*t**2 + 3*t**2 - t - 2*t + 3*t**2. Let p be d(6). Calculate the greatest common divisor of 6 and p.
6
Suppose 5*n + 4 = t + 3*n, 3 = -n. Let d be (7*t)/(-2) - -3. Calculate the greatest common divisor of 10 and d.
10
Let q be 580/(-6)*(-60)/25. Let p = q - 166. Calculate the highest common factor of 6 and p.
6
Suppose -86 = -2*s + 5*q - 23, -q - 51 = -2*s. Suppose -s = -m - 0*m. Calculate the greatest common factor of 6 and m.
6
Let t(i) = -i - 3. Let n be t(-3). Suppose -3*k = 12, n = -b + 4*b - 3*k - 24. Calculate the greatest common divisor of b and 8.
4
Let v be (-2)/4 - 3/(-2). Let s(f) = -f**2 + 18*f**3 + 1 + 0*f**2 - 6*f**3 - 5*f + 4*f. Let c be s(v). Calculate the highest common divisor of c and 44.
11
Suppose 31 = 3*h - 71. Let s = -4 + h. Let g = -8 - -18. What is the greatest common divisor of s and g?
10
Let t be (-2 + 4)*(-5)/(-2). Suppose 3*f = t*b - b - 111, -2*f + 62 = 3*b. Calculate the highest common factor of 24 and b.
24
Let d be 0 + (6 - (-9)/(-3)). Let f(j) = j**3 - 2*j**2 - j + 4. Let i be f(d). Calculate the highest common divisor of 10 and i.
10
Let w(t) = -t. Let n be w(0). Let k = n + 7. What is the greatest common divisor of 77 and k?
7
Let y = -12 - -30. Let n be y - -1 - -1*1. Calculate the greatest common factor of 8 and n.
4
Let j be 5/(25/(-2))*-170. What is the highest common factor of j and 34?
34
Let p = -71 + 625. Let o be p/14 - 3/(-7). What is the highest common factor of 10 and o?
10
Suppose 3*w - 7*w = 3*a - 702, -5*w = -a - 887. Calculate the highest common divisor of w and 59.
59
Suppose -2*c + 2*m + 18 = 0, -4*c + m = -59 + 17. Let l be (-1 + (-171)/(-6))*2. Suppose -5*u - l = -6*u. What is the greatest common factor of u and c?
11
Let z(n) = -n**3 - 5*n**2 + 3*n + 6. Let c be z(-6). What is the greatest common factor of c and 12?
12
Let a = -6 + 9. Suppose -22 = a*v + n + 4*n, -1 = 4*v + n. Let p(d) = -d**3 - 7*d**2 + 7*d - 7. Let x be p(-8). Calculate the highest common factor of x and v.
1
Let r(a) be the second derivative of 2*a**3 + 3*a - 3*a**3 + 11*a**3. Let o be r(1). What is the highest common factor of 24 and o?
12
Let x be -1*2*116/(-8). What is the greatest common divisor of 145 and x?
29
Let n = -28 - -6. Let w be (n/(1 + 1))/1. Let j(b) = b**3 + 10*b**2 - 12*b + 5. Let a be j(w). What is the highest common factor of 2 and a?
2
Let s(g) = 3*g**3 - g**2 - g - 2. Let j = 2 - 0. Let x be s(j). What is the highest common divisor of 40 and x?
8
Let c = -41 - -85. What is the highest common factor of 396 and c?
44
Suppose -3*q - 2*q = 3*a - 21, -27 = -3*q + 3*a. Let n = -2 + q. Suppose 229 = 3*l + n*p, p - 1 = -0. Calculate the highest common factor of l and 15.
15
Let z(a) = -a**2 - 6*a + 2. Let d be z(-6). Let m be 310/4 + (-1)/d. Let j be (-2)/7 + (-357)/(-49). Calculate the greatest common divisor of m and j.
7
Let i be 51/12 + 2/(-8). Let g = -3 + 3. Suppose 3*u = -2*u + 3*o + 40, 5*u - i*o - 45 = g. What is the highest common divisor of u and 25?
5
Suppose -3*c - 80 = -7*c. Calculate the highest common divisor of c and 120.
20
Let p(h) = h**2 + 6*h - 1. Let n be p(4). Calculate the highest common factor of 39 and n.
39
Let m = 42 + 82. Suppose -129 = 5*g - 2*g. Let y = g + m. Calculate the highest common factor of y and 9.
9
Let p = -11 - -15. Suppose p*d - 154 = -a - a, 0 = -4*d - 4*a + 148. Let t be -3 + 2 - 22/(-2). What is the highest common factor of d and t?
10
Suppose 0*h + 21 = 3*o - h, 4*h - 14 = -2*o. Suppose 3*n - 11 = p + 28, n = 2*p + 63. Let i = 19 - p. Calculate the highest common divisor of o and i.
7
Suppose 10*t - 12*t + d = -27, 2*t - 4*d = 42. Let m(b) = b**3 - 2*b**2 - 6*b - 1. Let